late the highest common divisor of 42 and 35.
7
Calculate the highest common factor of 102 and 1071.
51
Calculate the highest common factor of 55 and 57640.
55
Calculate the greatest common factor of 15 and 48.
3
Calculate the highest common divisor of 66 and 44.
22
Calculate the highest common divisor of 342 and 54.
18
Calculate the greatest common factor of 253 and 69.
23
What is the highest common divisor of 62 and 2294?
62
Calculate the greatest common divisor of 978 and 6.
6
What is the highest common divisor of 45 and 225?
45
Calculate the greatest common divisor of 171 and 19.
19
Calculate the greatest common factor of 320 and 15.
5
Calculate the greatest common factor of 18928 and 7.
7
Calculate the greatest common divisor of 177 and 236.
59
Calculate the highest common factor of 237 and 1264.
79
What is the highest common factor of 2952 and 32?
8
What is the highest common factor of 12 and 66?
6
What is the greatest common factor of 38 and 228?
38
What is the highest common divisor of 15 and 915?
15
Calculate the greatest common divisor of 3437 and 7.
7
Calculate the greatest common divisor of 668 and 4.
4
What is the highest common factor of 1287 and 26?
13
What is the highest common divisor of 35100 and 20?
20
Calculate the highest common factor of 135 and 2880.
45
Calculate the greatest common divisor of 48 and 456.
24
Calculate the greatest common divisor of 429 and 156.
39
What is the highest common factor of 261 and 319?
29
What is the highest common divisor of 2 and 162?
2
What is the greatest common factor of 100 and 280?
20
Calculate the greatest common factor of 102 and 646.
34
Calculate the greatest common divisor of 13 and 325.
13
What is the greatest common factor of 740 and 703?
37
Calculate the highest common divisor of 221 and 13.
13
Calculate the highest common divisor of 1062 and 36.
18
What is the greatest common factor of 9399 and 3?
3
What is the greatest common factor of 176 and 44?
44
What is the greatest common factor of 1078 and 9856?
154
What is the highest common divisor of 61 and 16?
1
What is the greatest common factor of 37 and 851?
37
What is the greatest common divisor of 262 and 2227?
131
What is the greatest common divisor of 336 and 4011?
21
What is the highest common divisor of 2 and 298?
2
Calculate the highest common divisor of 35399 and 273.
91
What is the highest common divisor of 360 and 2592?
72
What is the greatest common factor of 3366 and 110?
22
What is the greatest common divisor of 4042 and 172?
86
Calculate the highest common divisor of 81 and 171.
9
What is the highest common factor of 24 and 264?
24
What is the highest common divisor of 621 and 345?
69
Calculate the greatest common divisor of 1066 and 1558.
82
Calculate the highest common divisor of 2 and 206.
2
Calculate the greatest common divisor of 132 and 12.
12
What is the highest common divisor of 69 and 2806?
23
What is the highest common divisor of 36 and 21900?
12
Calculate the greatest common divisor of 195 and 795.
15
Calculate the highest common factor of 25112 and 258.
86
What is the greatest common divisor of 61 and 1037?
61
Calculate the greatest common factor of 102 and 4998.
102
What is the greatest common factor of 21 and 36?
3
Calculate the greatest common divisor of 16 and 8.
8
Calculate the highest common factor of 28 and 378.
14
What is the highest common factor of 8576 and 32?
32
What is the greatest common divisor of 902 and 246?
82
What is the highest common divisor of 40161 and 33?
33
What is the greatest common divisor of 7 and 4?
1
Calculate the greatest common factor of 264 and 16.
8
Calculate the highest common factor of 63 and 576.
9
Calculate the greatest common factor of 1710 and 1881.
171
Calculate the highest common factor of 3470 and 1041.
347
Calculate the highest common divisor of 40 and 248.
8
Calculate the highest common factor of 255 and 30.
15
What is the highest common factor of 221 and 832?
13
What is the highest common divisor of 1682 and 116?
58
What is the highest common divisor of 376 and 32?
8
What is the highest common factor of 6345 and 135?
135
Calculate the greatest common divisor of 11 and 17259.
11
What is the highest common divisor of 96 and 2760?
24
What is the highest common divisor of 72 and 31788?
36
Calculate the greatest common factor of 45 and 63.
9
What is the greatest common factor of 10 and 1335?
5
What is the highest common divisor of 2 and 32?
2
Calculate the highest common factor of 276 and 72.
12
Calculate the highest common factor of 4017 and 117.
39
What is the highest common factor of 17252 and 228?
76
What is the greatest common divisor of 736 and 72?
8
What is the highest common divisor of 420 and 1932?
84
Calculate the highest common factor of 15618 and 228.
114
Calculate the greatest common factor of 108 and 90.
18
What is the greatest common divisor of 14250 and 6?
6
What is the greatest common divisor of 966 and 126?
42
Calculate the greatest common divisor of 210 and 1155.
105
What is the greatest common factor of 800 and 2650?
50
What is the highest common divisor of 49 and 301?
7
Calculate the greatest common factor of 2 and 226.
2
What is the greatest common divisor of 418 and 532?
38
What is the highest common factor of 5 and 820?
5
Calculate the greatest common factor of 2366 and 14.
14
Calculate the greatest common divisor of 44 and 594.
22
Calculate the highest common factor of 8162 and 77.
77
Calculate the greatest common divisor of 1313 and 13.
13
What is the highest common divisor of 24 and 184?
8
Calculate the highest common divisor of 35 and 20965.
35
What is the highest common factor of 65 and 624?
13
Calculate the greatest common factor of 14174 and 114.
38
What is the highest common factor of 429 and 39?
39
What is the highest common factor of 3568 and 48?
16
Calculate the highest common factor of 24 and 4728.
24
What is the greatest common factor of 471 and 3?
3
What is the greatest common divisor of 2394 and 84?
42
What is the greatest common factor of 35 and 60?
5
Calculate the greatest common divisor of 168 and 616.
56
What is the greatest common factor of 141 and 12925?
47
Calculate the highest common divisor of 2304 and 648.
72
What is the highest common factor of 76 and 133?
19
What is the highest common divisor of 116 and 50?
2
What is the greatest common factor of 5 and 205?
5
What is the greatest common divisor of 145 and 29?
29
Calculate the highest common divisor of 28 and 308.
28
What is the highest common factor of 36 and 474?
6
Calculate the greatest common divisor of 423 and 27.
9
What is the greatest common divisor of 92 and 13984?
92
What is the highest common divisor of 28 and 116?
4
Calculate the greatest common factor of 224 and 5152.
224
Calculate the greatest common divisor of 364 and 84.
28
Calculate the highest common divisor of 32 and 9872.
16
What is the highest common divisor of 36 and 48?
12
What is the greatest common divisor of 38 and 912?
38
Calculate the highest common divisor of 117 and 837.
9
What is the highest common factor of 266 and 38?
38
What is the highest common factor of 296 and 2183?
37
What is the greatest common factor of 72 and 2096?
8
Calculate the greatest common divisor of 1394 and 164.
82
Calculate the highest common divisor of 1360 and 80.
80
What is the highest common divisor of 28 and 24?
4
What is the highest common divisor of 52 and 299?
13
Calculate the greatest common factor of 9 and 81.
9
What is the greatest common divisor of 288 and 1056?
96
Calculate the highest common divisor of 252 and 1638.
126
Calculate the greatest common factor of 1 and 17.
1
What is the highest common divisor of 5130 and 1080?
270
Calculate the greatest common factor of 1131 and 65.
13
Calculate the highest common divisor of 969 and 399.
57
Calculate the greatest common factor of 7 and 89971.
7
Calculate the greatest common factor of 792 and 18.
18
What is the highest common factor of 3855 and 15?
15
What is the greatest common factor of 399 and 1083?
57
What is the highest common divisor of 890 and 40?
10
What is the greatest common divisor of 12 and 8?
4
What is the highest common factor of 6 and 471?
3
What is the highest common factor of 20 and 495?
5
Calculate the highest common divisor of 360 a